greatest common divisor of r and w?
15
Let w(l) be the first derivative of -5*l**4/4 + l**2/2 + l - 2. Let v be w(-1). Let p be 1 + -3 + (-1 - -58). Calculate the highest common factor of p and v.
5
Suppose -5*c = -5*x - 125, -49 = -4*c - 4*x + 27. What is the highest common factor of 176 and c?
22
Suppose -7 - 85 = -2*d - 4*n, 0 = -5*d + 2*n + 194. Calculate the greatest common divisor of d and 5.
5
Suppose -x = -3*x + 48. Let o = -22 + 28. Calculate the greatest common divisor of o and x.
6
Let b be 96/18 + 2/3. Let i be (-15)/((b/(-16))/1). Let q be ((-8)/(-6))/(1/6). What is the greatest common factor of q and i?
8
Suppose -5*d + 2*d = 12. Let m = d + 6. Let o be 246/21 + m/7. What is the highest common factor of 24 and o?
12
Let p be (309/6)/((-2)/(-4)). Let m = p + -25. Suppose z = -z + m. What is the highest common divisor of z and 13?
13
Let a be ((-15)/4)/((-1)/4). Let w(h) = 41*h - 7. Let z be w(2). What is the greatest common factor of z and a?
15
Suppose -7*b = 57 - 617. Calculate the greatest common divisor of 8 and b.
8
Suppose 4*b - 3*h - 88 = 0, -4*h + 57 = 3*b + 16. Let p(k) = k**2 + k - 7. Let r be p(-7). Let x = r - b. What is the greatest common factor of 8 and x?
8
Suppose 18 = 2*c + c. What is the greatest common factor of c and 3?
3
Let h be (2/(-4))/((-4)/24). Let z be h + 294/(-1 + 2). Calculate the greatest common divisor of 27 and z.
27
Let i(u) = u**2 - u - 1. Let f be i(3). Let h(p) = 4*p - 5. Let o be h(f). Suppose m = 6*m - 450. Calculate the highest common factor of o and m.
15
Suppose 3*r - o + 5*o + 4 = 0, 3*r + 29 = o. Let q = 1 + r. Let t = q + 15. What is the greatest common factor of 16 and t?
8
Let r(y) = y**3 + 11*y**2 - 9*y - 9. Let a be r(-11). Suppose 4*c - 292 = 8*c. Let n = c - -109. Calculate the greatest common factor of n and a.
18
Suppose 0 = -n - 3*n. Suppose 2*k - 22 - 18 = n. What is the highest common factor of k and 30?
10
Let c = 25 - 19. Let n(p) = -p**3 - 6*p**2 - 8*p. Let f be n(-6). Calculate the greatest common divisor of f and c.
6
Let u = -61 - -173. Calculate the highest common divisor of 14 and u.
14
Suppose 9 = 4*h - 7*h, -45 = -3*k + h. Let l be 5/(5/k) + 1. What is the highest common factor of l and 105?
15
Let m = -12 - -16. Suppose 4*j = 3*j + m*p + 31, 2*j - 17 = -p. What is the greatest common divisor of 1 and j?
1
Let x be (14/(-10))/((-1)/5). Let k(b) = -b**2 + 5*b + 10. Let v be k(x). Let c = v + 11. What is the greatest common factor of 14 and c?
7
Suppose 3*x - 3*c = 23 + 43, x = 4*c + 16. What is the greatest common factor of x and 24?
24
Let h = -14 - -23. What is the highest common factor of 27 and h?
9
Let d be (4/3)/(2/12). What is the highest common divisor of 20 and d?
4
Let t be (-1 - -1) + (-114)/(-6). Suppose -g = 7 - t. Let p = 6 + g. Calculate the greatest common divisor of 9 and p.
9
Let n = 42 + -12. What is the highest common divisor of n and 45?
15
Suppose -4*d + 167 = 5*g, g + 5*d = 46 - 0. What is the highest common divisor of g and 496?
31
Let t = 22 + -38. Let y be (t/10)/((-10)/375). Let v = 7 + 5. Calculate the greatest common factor of v and y.
12
Let q be 3/18 + 629/6 + -1. Calculate the highest common factor of 13 and q.
13
Let k be 2 + -5 + 1 + 4. Let o be ((1 - k) + 8)*4. Suppose 4*c = -3*n + 44, -2*c = -2*n - 15 - 21. What is the greatest common factor of c and o?
14
Let x(n) = 12*n**2 - n + 4. Let w be x(-4). Calculate the greatest common factor of w and 25.
25
Suppose -3*d + 0*d + a = -23, -3*d + 15 = 3*a. Let l = d - 12. Let r = 44 - l. Calculate the highest common divisor of r and 7.
7
Suppose 2*b + 10 = 3*g + 3*b, 5*g + b = 14. Let f = 10 - 5. Let u be (f/(10/(-12)))/(-1). What is the highest common factor of u and g?
2
Let v(a) = -24*a. Let n be v(-1). What is the highest common factor of 3 and n?
3
Let a be (236 + (-1 - 1))*2/4. What is the greatest common factor of 13 and a?
13
Suppose 3*y = -2*h - 2*y - 12, -3*h + 4*y + 28 = 0. Suppose 0*f - 5*j = -h*f, -5*f + 13 = -3*j. Calculate the highest common factor of 35 and f.
5
Let f = -6 + 14. Let t = f - 6. Suppose 3*k = t*w - 141, 2*w = -7*k + 2*k + 101. Calculate the greatest common factor of 42 and w.
21
Suppose 0 = 5*g - 32 + 2. Let r(s) = s + 12. Let d(l) = -6*l - 60. Let j(b) = 2*d(b) + 11*r(b). Let o be j(0). Calculate the highest common factor of g and o.
6
Let u be 1202/18 - (-4)/18. Suppose 3*r - 5 - u = 0. What is the greatest common divisor of 3 and r?
3
Let p = 13 + 107. Calculate the highest common factor of 15 and p.
15
Let f(i) = -i + 3. Let a be f(3). Let p = a + 4. Suppose 0 = -2*q, q = -p*o + 3*o + 18. Calculate the highest common factor of 72 and o.
18
Let x(r) = 11*r - 17. Suppose 2*v = 4, -v - 7 + 2 = -m. Let g be x(m). What is the greatest common divisor of g and 24?
12
Suppose 54 = 2*d + 2*f, 16 - 1 = 5*f. What is the highest common factor of 72 and d?
24
Let v be (-3 - 2)*16/(-20). Calculate the highest common divisor of 10 and v.
2
Let z(k) = -k**3 - 3*k**2 + 7*k + 6. Let i be z(-4). Let r(d) = 1 + 0*d - d**2 - 4*d - 3*d. Let t be r(i). Calculate the highest common divisor of 35 and t.
7
Let n be (4/12)/(1 + 294/(-297)). What is the highest common factor of 33 and n?
33
Suppose -2*n - 2 = -6. Suppose 1 = m + 2*f - 4, 4*m - n*f = 0. Let d(k) = 2*k + 3. Let j be d(4). What is the greatest common factor of m and j?
1
Let p be (0 + 2)*(-453)/6. Let f = p + 235. Calculate the highest common factor of f and 12.
12
Suppose -b + 14 = -5*c, 0 = 2*b - 0 + 2. Let g be c/(-6) + 62/4. What is the highest common factor of 80 and g?
16
Let q = 6 - 6. Suppose -2*y + 6*y - 128 = q. Suppose 7*c = 3*m + 3*c - 24, -4*c + y = 4*m. Calculate the highest common factor of 8 and m.
8
Let p = -28 + 39. What is the highest common factor of 33 and p?
11
Let z = 54 - 45. What is the highest common divisor of 81 and z?
9
Suppose -j + 3*h + 21 = -0*j, 30 = 2*j - 2*h. Let a = -6 - -90. What is the highest common divisor of j and a?
12
Suppose 189 = 9*i - 90. Calculate the highest common divisor of i and 310.
31
Let p be -5*(7/1 + 1). Let j be 2/(-3) + p/(-6). Let z be (j/5)/((-4)/(-30)). Calculate the greatest common factor of z and 6.
3
Let f = 95 - 32. Calculate the highest common factor of 9 and f.
9
Suppose 34 = -4*m - 22. Let b be (-4)/m - 89/(-7). What is the greatest common divisor of b and 143?
13
Let c = -5 + 9. Suppose 3*b - c - 4 = -o, 5*o + 32 = 3*b. Let h(z) = z**3 + 5*z**2 + 3*z - 3. Let w be h(o). What is the highest common divisor of 2 and w?
1
Suppose 0 = -5*o + b + 2*b + 92, 2*o - 52 = 5*b. What is the greatest common divisor of o and 24?
8
Let b = -2 - -4. Let f be (b*-13)/(2 - 4). Suppose -2*n + 98 + 116 = -2*v, 0 = 2*n - 4*v - 220. What is the greatest common divisor of n and f?
13
Let a = -87 + 56. Let z = 66 + a. Calculate the greatest common divisor of z and 14.
7
Suppose -b + 2*b = 3*p - 11, 4 = 2*p - 4*b. Suppose p*m - 132 = -o, -2*m - o + 2*o + 60 = 0. What is the greatest common divisor of m and 48?
16
Let c be (2 + 1/(-2))*2. Suppose -c*y = -0*y - 48. Calculate the greatest common divisor of y and 112.
16
Suppose -5*p + 25 = 4*w, -1 - 4 = -p + 4*w. Suppose -5*f - 86 = i, 7*i - 6*i = f - 56. Let u = -16 - i. What is the greatest common factor of u and p?
5
Let z = 169 - 109. Suppose i + i - 2 = 0. Let u be (4 - i/1) + 3. Calculate the greatest common factor of z and u.
6
Suppose 27 = 7*q - 2*q - 3*x, 5*q - 23 = 2*x. Suppose -q*h + 6 = -0*h. Suppose -5*g + 10 = -0*g. Calculate the greatest common divisor of g and h.
2
Suppose 3*x = p + 20 - 155, 0 = -2*x + 3*p - 90. Let i be (18/x)/(2/(-720)). Calculate the greatest common factor of i and 18.
18
Suppose 0 = f - 6*f + 40. What is the highest common factor of 56 and f?
8
Let i = -4 - -4. Suppose 4*m - 20 = -i*m. Suppose 25 - 115 = -m*p. Calculate the greatest common divisor of p and 27.
9
Let f = 12 - 5. Let d(n) = n - 5. Let r be d(5). Let z be (-98 + r)/(4 - 6). What is the greatest common factor of z and f?
7
Let c(a) = -30*a**2 - 3*a - 2. Let q be c(-3). Let i = q + 398. Let t be (-4)/6*i/(-6). Calculate the highest common factor of 15 and t.
15
Let g be 30*(-2 + 40/15). What is the greatest common factor of 80 and g?
20
Suppose 0 = x + p + p - 8, 4*p = -3*x + 26. Suppose -22 - x = -2*y. Let g be -60*(-6)/9*1.